{"id":5532,"date":"2024-06-27T12:50:13","date_gmt":"2024-06-27T12:50:13","guid":{"rendered":"https:\/\/demo.awaikenthemes.com\/builtup\/?page_id=5532"},"modified":"2025-05-28T23:28:47","modified_gmt":"2025-05-28T21:28:47","slug":"buero_und_gewerbe","status":"publish","type":"page","link":"https:\/\/hanseschrott.com\/?page_id=5532","title":{"rendered":"B\u00fcro &#038; Gewerbe"},"content":{"rendered":"<h1>B\u00fcro- und Gewerbeentr\u00fcmpelung <\/h1>\n<figure><img decoding=\"async\" src=\"https:\/\/hanseschrott.com\/wp-content\/uploads\/2025\/05\/buero_gewerbe_entruempelung_hanseschrott_bild01.jpg\" alt=\"buero_gewerbe_entruempelung_hanseschrott_bild01\" \/><\/figure>\n<figure><img decoding=\"async\" src=\"https:\/\/hanseschrott.com\/wp-content\/uploads\/2025\/05\/buero_gewerbe_entruempelung_hanseschrott_bild02.jpg\" alt=\"buero_gewerbe_entruempelung_hanseschrott_bild02\" \/><\/figure>\n<figure><img decoding=\"async\" src=\"https:\/\/hanseschrott.com\/wp-content\/uploads\/2025\/05\/buero_gewerbe_entruempelung_hanseschrott_bild03.jpg\" alt=\"buero_gewerbe_entruempelung_hanseschrott_bild03\" \/><\/figure>\n<p>\t\t\t\t\t\t<svg xmlns=\"http:\/\/www.w3.org\/2000\/svg\" width=\"36\" height=\"36\" viewBox=\"0 0 36 36\" fill=\"none\"><path d=\"M16.625 23.5L11.125 18M11.125 18L16.625 12.5M11.125 18H24.875M1.5 18C1.5 20.1668 1.92678 22.3124 2.75599 24.3143C3.58519 26.3161 4.80057 28.1351 6.33274 29.6673C7.86491 31.1994 9.68385 32.4148 11.6857 33.244C13.6876 34.0732 15.8332 34.5 18 34.5C20.1668 34.5 22.3124 34.0732 24.3143 33.244C26.3161 32.4148 28.1351 31.1994 29.6673 29.6673C31.1994 28.1351 32.4148 26.3161 33.244 24.3143C34.0732 22.3124 34.5 20.1668 34.5 18C34.5 13.6239 32.7616 9.42709 29.6673 6.33274C26.5729 3.23839 22.3761 1.5 18 1.5C13.6239 1.5 9.42709 3.23839 6.33274 6.33274C3.23839 9.42709 1.5 13.6239 1.5 18Z\" stroke=\"white\" stroke-width=\"1.5\" stroke-linecap=\"round\" stroke-linejoin=\"round\"><\/path><\/svg><br \/>\n\t\t\t\t\t\t<svg xmlns=\"http:\/\/www.w3.org\/2000\/svg\" width=\"35\" height=\"35\" viewBox=\"0 0 35 35\" fill=\"none\"><path d=\"M18.875 23L24.375 17.5M24.375 17.5L18.875 12M24.375 17.5H10.625M34 17.5C34 19.6668 33.5732 21.8124 32.744 23.8143C31.9148 25.8161 30.6994 27.6351 29.1673 29.1673C27.6351 30.6994 25.8161 31.9148 23.8143 32.744C21.8124 33.5732 19.6668 34 17.5 34C15.3332 34 13.1876 33.5732 11.1857 32.744C9.18385 31.9148 7.3649 30.6994 5.83274 29.1673C4.30057 27.6351 3.08519 25.8161 2.25599 23.8143C1.42678 21.8124 1 19.6668 1 17.5C1 13.1239 2.73839 8.92709 5.83274 5.83274C8.92709 2.73839 13.1239 1 17.5 1C21.8761 1 26.0729 2.73839 29.1673 5.83274C32.2616 8.92709 34 13.1239 34 17.5Z\" stroke=\"white\" stroke-width=\"1.5\" stroke-linecap=\"round\" stroke-linejoin=\"round\"><\/path><\/svg>\t\t\t\t\t<\/p>\n<p>Ihr Unternehmen zieht um, wird modernisiert oder aufgel\u00f6st? Dann brauchen Sie einen Partner, der sich mit der kompletten Entr\u00fcmpelung von B\u00fcros, L\u00e4den und Gesch\u00e4ftsr\u00e4umen auskennt. HanseSchrott bietet Ihnen genau das: einen strukturierten Ablauf, erfahrene Mitarbeiter und saubere \u00dcbergabe.<\/p>\n<p>Ob eine Etage, ein komplettes Firmengeb\u00e4ude oder einzelne Abteilungen \u2013 wir arbeiten mit System und \u00dcbersicht.<\/p>\n<p><strong>Unsere Leistungen im \u00dcberblick:<\/strong><\/p>\n<ul>\n<li>\n\t\t\t\t\t\t\t\t\t\tAbbau von B\u00fcrom\u00f6beln, Regalsystemen, Technik, K\u00fccheneinbauten\n\t\t\t\t\t\t\t\t\t<\/li>\n<li>\n\t\t\t\t\t\t\t\t\t\tEntsorgung von Altger\u00e4ten, EDV-Schrott, Akustikw\u00e4nden, Trennw\u00e4nden\n\t\t\t\t\t\t\t\t\t<\/li>\n<li>\n\t\t\t\t\t\t\t\t\t\tR\u00fcckbau von Theken, Tresen, Empfangsbereichen\n\t\t\t\t\t\t\t\t\t<\/li>\n<li>\n\t\t\t\t\t\t\t\t\t\tEntkernung von Gesch\u00e4ftsr\u00e4umen (auf Anfrage)\n\t\t\t\t\t\t\t\t\t<\/li>\n<li>\n\t\t\t\t\t\t\t\t\t\tAbtransport und Sortierung nach Wertstoffen\n\t\t\t\t\t\t\t\t\t<\/li>\n<\/ul>\n<p>\t\t\t\t\t\t\t\t\t\t\t\t\t\t\t<img loading=\"lazy\" decoding=\"async\" width=\"1200\" height=\"800\" src=\"https:\/\/hanseschrott.com\/wp-content\/uploads\/2025\/05\/buero_gewerbe_entruempelung_hanseschrott_bild05.jpg\" alt=\"\" srcset=\"https:\/\/hanseschrott.com\/wp-content\/uploads\/2025\/05\/buero_gewerbe_entruempelung_hanseschrott_bild05.jpg 1200w, https:\/\/hanseschrott.com\/wp-content\/uploads\/2025\/05\/buero_gewerbe_entruempelung_hanseschrott_bild05-300x200.jpg 300w, https:\/\/hanseschrott.com\/wp-content\/uploads\/2025\/05\/buero_gewerbe_entruempelung_hanseschrott_bild05-1024x683.jpg 1024w, https:\/\/hanseschrott.com\/wp-content\/uploads\/2025\/05\/buero_gewerbe_entruempelung_hanseschrott_bild05-768x512.jpg 768w\" sizes=\"auto, (max-width: 1200px) 100vw, 1200px\" \/><br \/>\n\t\t\t\t\t\t\t\t\t\t\t\t\t\t\t<img loading=\"lazy\" decoding=\"async\" width=\"1200\" height=\"800\" src=\"https:\/\/hanseschrott.com\/wp-content\/uploads\/2025\/05\/buero_gewerbe_entruempelung_hanseschrott_bild04.jpg\" alt=\"\" srcset=\"https:\/\/hanseschrott.com\/wp-content\/uploads\/2025\/05\/buero_gewerbe_entruempelung_hanseschrott_bild04.jpg 1200w, https:\/\/hanseschrott.com\/wp-content\/uploads\/2025\/05\/buero_gewerbe_entruempelung_hanseschrott_bild04-300x200.jpg 300w, https:\/\/hanseschrott.com\/wp-content\/uploads\/2025\/05\/buero_gewerbe_entruempelung_hanseschrott_bild04-1024x683.jpg 1024w, https:\/\/hanseschrott.com\/wp-content\/uploads\/2025\/05\/buero_gewerbe_entruempelung_hanseschrott_bild04-768x512.jpg 768w\" sizes=\"auto, (max-width: 1200px) 100vw, 1200px\" \/>\t\t\t\t\t\t\t\t\t\t\t\t\t\t\t<\/p>\n<h3>F\u00fcr folgende Gewerbekunden:<br \/>\n<\/h3>\n<p>\t\t\u2022 B\u00fcros, Kanzleien, Agenturen\u2022 Einzelhandel, Showrooms, Friseursalons\u2022 Gastronomie, Studios, Werkst\u00e4tten\u2022 Versicherungen, Steuerberater, Architekturb\u00fcros\u00a0\ud83d\udccd Wir entr\u00fcmpeln Gewerbefl\u00e4chen in allen Hamburger Stadtteilen \u2013 auch kurzfristig.<\/p>\n","protected":false},"excerpt":{"rendered":"<p>B\u00fcro- und Gewerbeentr\u00fcmpelung Ihr Unternehmen zieht um, wird modernisiert oder aufgel\u00f6st? Dann brauchen Sie einen Partner, der sich mit der kompletten Entr\u00fcmpelung von B\u00fcros, L\u00e4den und Gesch\u00e4ftsr\u00e4umen auskennt. HanseSchrott bietet Ihnen genau das: einen strukturierten Ablauf, erfahrene Mitarbeiter und saubere \u00dcbergabe. Ob eine Etage, ein komplettes Firmengeb\u00e4ude oder einzelne Abteilungen \u2013 wir arbeiten mit System [&hellip;]<\/p>\n","protected":false},"author":1,"featured_media":0,"parent":0,"menu_order":0,"comment_status":"closed","ping_status":"closed","template":"elementor_header_footer","meta":{"footnotes":""},"class_list":["post-5532","page","type-page","status-publish","hentry"],"_links":{"self":[{"href":"https:\/\/hanseschrott.com\/index.php?rest_route=\/wp\/v2\/pages\/5532","targetHints":{"allow":["GET"]}}],"collection":[{"href":"https:\/\/hanseschrott.com\/index.php?rest_route=\/wp\/v2\/pages"}],"about":[{"href":"https:\/\/hanseschrott.com\/index.php?rest_route=\/wp\/v2\/types\/page"}],"author":[{"embeddable":true,"href":"https:\/\/hanseschrott.com\/index.php?rest_route=\/wp\/v2\/users\/1"}],"replies":[{"embeddable":true,"href":"https:\/\/hanseschrott.com\/index.php?rest_route=%2Fwp%2Fv2%2Fcomments&post=5532"}],"version-history":[{"count":14,"href":"https:\/\/hanseschrott.com\/index.php?rest_route=\/wp\/v2\/pages\/5532\/revisions"}],"predecessor-version":[{"id":6921,"href":"https:\/\/hanseschrott.com\/index.php?rest_route=\/wp\/v2\/pages\/5532\/revisions\/6921"}],"wp:attachment":[{"href":"https:\/\/hanseschrott.com\/index.php?rest_route=%2Fwp%2Fv2%2Fmedia&parent=5532"}],"curies":[{"name":"wp","href":"https:\/\/api.w.org\/{rel}","templated":true}]}}