{"id":5534,"date":"2024-06-27T12:50:33","date_gmt":"2024-06-27T12:50:33","guid":{"rendered":"https:\/\/demo.awaikenthemes.com\/builtup\/?page_id=5534"},"modified":"2025-05-28T23:23:31","modified_gmt":"2025-05-28T21:23:31","slug":"praxen","status":"publish","type":"page","link":"https:\/\/hanseschrott.com\/?page_id=5534","title":{"rendered":"Praxen"},"content":{"rendered":"<h1>Praxisentr\u00fcmpelung<\/h1>\n<figure><img decoding=\"async\" src=\"https:\/\/hanseschrott.com\/wp-content\/uploads\/2025\/05\/freepik__a-partially-cleared-medical-office-in-hamburg-germ__51292.jpeg\" alt=\"freepik__a-partially-cleared-medical-office-in-hamburg-germ__51292\" \/><\/figure>\n<figure><img decoding=\"async\" src=\"https:\/\/hanseschrott.com\/wp-content\/uploads\/2025\/05\/freepik__a-partially-cleared-medical-office-in-hamburg-germ__51293.png\" alt=\"freepik__a-partially-cleared-medical-office-in-hamburg-germ__51293\" \/><\/figure>\n<figure><img decoding=\"async\" src=\"https:\/\/hanseschrott.com\/wp-content\/uploads\/2025\/05\/freepik__a-partially-cleared-medical-office-in-hamburg-germ__51294.png\" alt=\"freepik__a-partially-cleared-medical-office-in-hamburg-germ__51294\" \/><\/figure>\n<figure><img decoding=\"async\" src=\"https:\/\/hanseschrott.com\/wp-content\/uploads\/2025\/05\/freepik__a-partially-cleared-medical-office-in-hamburg-germ__51295.png\" alt=\"freepik__a-partially-cleared-medical-office-in-hamburg-germ__51295\" \/><\/figure>\n<p>\t\t\t\t\t\t<svg xmlns=\"http:\/\/www.w3.org\/2000\/svg\" width=\"36\" height=\"36\" viewBox=\"0 0 36 36\" fill=\"none\"><path d=\"M16.625 23.5L11.125 18M11.125 18L16.625 12.5M11.125 18H24.875M1.5 18C1.5 20.1668 1.92678 22.3124 2.75599 24.3143C3.58519 26.3161 4.80057 28.1351 6.33274 29.6673C7.86491 31.1994 9.68385 32.4148 11.6857 33.244C13.6876 34.0732 15.8332 34.5 18 34.5C20.1668 34.5 22.3124 34.0732 24.3143 33.244C26.3161 32.4148 28.1351 31.1994 29.6673 29.6673C31.1994 28.1351 32.4148 26.3161 33.244 24.3143C34.0732 22.3124 34.5 20.1668 34.5 18C34.5 13.6239 32.7616 9.42709 29.6673 6.33274C26.5729 3.23839 22.3761 1.5 18 1.5C13.6239 1.5 9.42709 3.23839 6.33274 6.33274C3.23839 9.42709 1.5 13.6239 1.5 18Z\" stroke=\"white\" stroke-width=\"1.5\" stroke-linecap=\"round\" stroke-linejoin=\"round\"><\/path><\/svg><br \/>\n\t\t\t\t\t\t<svg xmlns=\"http:\/\/www.w3.org\/2000\/svg\" width=\"35\" height=\"35\" viewBox=\"0 0 35 35\" fill=\"none\"><path d=\"M18.875 23L24.375 17.5M24.375 17.5L18.875 12M24.375 17.5H10.625M34 17.5C34 19.6668 33.5732 21.8124 32.744 23.8143C31.9148 25.8161 30.6994 27.6351 29.1673 29.1673C27.6351 30.6994 25.8161 31.9148 23.8143 32.744C21.8124 33.5732 19.6668 34 17.5 34C15.3332 34 13.1876 33.5732 11.1857 32.744C9.18385 31.9148 7.3649 30.6994 5.83274 29.1673C4.30057 27.6351 3.08519 25.8161 2.25599 23.8143C1.42678 21.8124 1 19.6668 1 17.5C1 13.1239 2.73839 8.92709 5.83274 5.83274C8.92709 2.73839 13.1239 1 17.5 1C21.8761 1 26.0729 2.73839 29.1673 5.83274C32.2616 8.92709 34 13.1239 34 17.5Z\" stroke=\"white\" stroke-width=\"1.5\" stroke-linecap=\"round\" stroke-linejoin=\"round\"><\/path><\/svg>\t\t\t\t\t<\/p>\n<p><strong>R\u00e4umung medizinischer Einrichtungen vom Profi<\/strong><\/p>\n<p>Die Aufl\u00f6sung oder der Umbau einer Arztpraxis ist nicht nur organisatorisch aufwendig \u2013 auch das gesamte Inventar muss fachgerecht entfernt und entsorgt werden. Genau hier kommt HanseSchrott ins Spiel: Wir \u00fcbernehmen die komplette Praxisentr\u00fcmpelung in Hamburg \u2013 schnell, sauber und zuverl\u00e4ssig.<\/p>\n<p>Unsere Erfahrung reicht von kleinen Einzelpraxen bis hin zu gro\u00dfen medizinischen Zentren. Wir arbeiten diskret, effizient und termingerecht \u2013 auch bei laufendem Praxisbetrieb oder engen Zeitfenstern.<\/p>\n<p><strong>Unsere Leistungen im Detail:<\/strong><\/p>\n<ul>\n<li>\n\t\t\t\t\t\t\t\t\t\tDemontage und Abtransport von M\u00f6beln, Behandlungsst\u00fchlen, Ger\u00e4ten\n\t\t\t\t\t\t\t\t\t<\/li>\n<li>\n\t\t\t\t\t\t\t\t\t\tR\u00e4umung von Wartezimmer, Sprechzimmer, Labor, Lager und Technikr\u00e4umen\n\t\t\t\t\t\t\t\t\t<\/li>\n<li>\n\t\t\t\t\t\t\t\t\t\tAbholung von EDV-Schrott wie Monitore, Computer, Router, Medizintechnik\n\t\t\t\t\t\t\t\t\t<\/li>\n<li>\n\t\t\t\t\t\t\t\t\t\tEntsorgung von Metallschrott, Praxiszubeh\u00f6r und Einbauten\n\t\t\t\t\t\t\t\t\t<\/li>\n<li>\n\t\t\t\t\t\t\t\t\t\tBesenreine \u00dcbergabe, inklusive Dokumentation auf Wunsch\n\t\t\t\t\t\t\t\t\t<\/li>\n<\/ul>\n<p>\t\t\t\t\t\t\t\t\t\t\t\t\t\t\t<img loading=\"lazy\" decoding=\"async\" width=\"1200\" height=\"800\" src=\"https:\/\/hanseschrott.com\/wp-content\/uploads\/2025\/05\/praxisentruempelung_hanseschrott_bild02.jpg\" alt=\"\" srcset=\"https:\/\/hanseschrott.com\/wp-content\/uploads\/2025\/05\/praxisentruempelung_hanseschrott_bild02.jpg 1200w, https:\/\/hanseschrott.com\/wp-content\/uploads\/2025\/05\/praxisentruempelung_hanseschrott_bild02-300x200.jpg 300w, https:\/\/hanseschrott.com\/wp-content\/uploads\/2025\/05\/praxisentruempelung_hanseschrott_bild02-1024x683.jpg 1024w, https:\/\/hanseschrott.com\/wp-content\/uploads\/2025\/05\/praxisentruempelung_hanseschrott_bild02-768x512.jpg 768w\" sizes=\"auto, (max-width: 1200px) 100vw, 1200px\" \/><br \/>\n\t\t\t\t\t\t\t\t\t\t\t\t\t\t\t<img loading=\"lazy\" decoding=\"async\" width=\"1200\" height=\"800\" src=\"https:\/\/hanseschrott.com\/wp-content\/uploads\/2025\/05\/praxisentruempelung_hanseschrott_bild01.jpg\" alt=\"\" srcset=\"https:\/\/hanseschrott.com\/wp-content\/uploads\/2025\/05\/praxisentruempelung_hanseschrott_bild01.jpg 1200w, https:\/\/hanseschrott.com\/wp-content\/uploads\/2025\/05\/praxisentruempelung_hanseschrott_bild01-300x200.jpg 300w, https:\/\/hanseschrott.com\/wp-content\/uploads\/2025\/05\/praxisentruempelung_hanseschrott_bild01-1024x683.jpg 1024w, https:\/\/hanseschrott.com\/wp-content\/uploads\/2025\/05\/praxisentruempelung_hanseschrott_bild01-768x512.jpg 768w\" sizes=\"auto, (max-width: 1200px) 100vw, 1200px\" \/>\t\t\t\t\t\t\t\t\t\t\t\t\t\t\t<\/p>\n<h3>Unsere Zielgruppen:<\/h3>\n<p>\t\t\u2022 Allgemein\u00e4rzte und Fach\u00e4rzte\u2022 Zahn\u00e4rzte und Kieferorthop\u00e4den\u2022 Heilpraktiker und Psychotherapeuten\u2022 MVZ, Gemeinschaftspraxen, Apotheken\u2022 Diagnostik- und Therapiezentren\u00a0\ud83d\udca1 Besonderheiten:\u2022Schnelle Einsatzbereitschaft bei kurzfristiger R\u00e4umung\u2022Keine Entsorgung von Patientenakten (kein zertifizierter Aktenvernichter)\u2022Keine privaten Haushalte \u2013 nur gewerbliche Auftr\u00e4ge\u00a0\ud83d\udccd Praxisentr\u00fcmpelung in ganz Hamburg und Umgebung \u2013 von Harburg bis Wandsbek.<\/p>\n","protected":false},"excerpt":{"rendered":"<p>Praxisentr\u00fcmpelung R\u00e4umung medizinischer Einrichtungen vom Profi Die Aufl\u00f6sung oder der Umbau einer Arztpraxis ist nicht nur organisatorisch aufwendig \u2013 auch das gesamte Inventar muss fachgerecht entfernt und entsorgt werden. Genau hier kommt HanseSchrott ins Spiel: Wir \u00fcbernehmen die komplette Praxisentr\u00fcmpelung in Hamburg \u2013 schnell, sauber und zuverl\u00e4ssig. Unsere Erfahrung reicht von kleinen Einzelpraxen bis hin [&hellip;]<\/p>\n","protected":false},"author":1,"featured_media":0,"parent":0,"menu_order":0,"comment_status":"closed","ping_status":"closed","template":"elementor_header_footer","meta":{"footnotes":""},"class_list":["post-5534","page","type-page","status-publish","hentry"],"_links":{"self":[{"href":"https:\/\/hanseschrott.com\/index.php?rest_route=\/wp\/v2\/pages\/5534","targetHints":{"allow":["GET"]}}],"collection":[{"href":"https:\/\/hanseschrott.com\/index.php?rest_route=\/wp\/v2\/pages"}],"about":[{"href":"https:\/\/hanseschrott.com\/index.php?rest_route=\/wp\/v2\/types\/page"}],"author":[{"embeddable":true,"href":"https:\/\/hanseschrott.com\/index.php?rest_route=\/wp\/v2\/users\/1"}],"replies":[{"embeddable":true,"href":"https:\/\/hanseschrott.com\/index.php?rest_route=%2Fwp%2Fv2%2Fcomments&post=5534"}],"version-history":[{"count":17,"href":"https:\/\/hanseschrott.com\/index.php?rest_route=\/wp\/v2\/pages\/5534\/revisions"}],"predecessor-version":[{"id":6935,"href":"https:\/\/hanseschrott.com\/index.php?rest_route=\/wp\/v2\/pages\/5534\/revisions\/6935"}],"wp:attachment":[{"href":"https:\/\/hanseschrott.com\/index.php?rest_route=%2Fwp%2Fv2%2Fmedia&parent=5534"}],"curies":[{"name":"wp","href":"https:\/\/api.w.org\/{rel}","templated":true}]}}